{"id":78,"date":"2024-03-02T23:31:12","date_gmt":"2024-03-02T22:31:12","guid":{"rendered":"https:\/\/nerisson.com\/?page_id=78"},"modified":"2024-03-03T00:04:49","modified_gmt":"2024-03-02T23:04:49","slug":"entretien-divers","status":"publish","type":"page","link":"https:\/\/nerisson.com\/index.php\/entretien-divers\/","title":{"rendered":"ENTRETIEN DIVERS"},"content":{"rendered":"\n<p>Vous pouvez me d\u00e9l\u00e9guez les t\u00e2ches d\u2019entretien des ext\u00e9rieurs de la maison et du petit bricolage que vous ne voulez plus effectuer.<\/p>\n\n\n\n<ul class=\"wp-block-list\">\n<li>entretien des terrasses, escaliers, Etc.<\/li>\n\n\n\n<li>entretien du mobilier de jardin<\/li>\n\n\n\n<li>nettoyage des volets<\/li>\n\n\n\n<li>entretien ponctuel de piscine<\/li>\n\n\n\n<li>entretien du terrain de tennis,<\/li>\n\n\n\n<li>Etc\u2026<\/li>\n<\/ul>\n\n\n\n<p>Je suis \u00e0 vos cot\u00e9s pour faciliter votre quotidien.<\/p>\n\n\n\n<figure class=\"wp-block-gallery has-nested-images columns-default is-cropped wp-block-gallery-1 is-layout-flex wp-block-gallery-is-layout-flex\">\n<figure class=\"wp-block-image size-large\"><img loading=\"lazy\" decoding=\"async\" width=\"300\" height=\"300\" data-id=\"79\" src=\"https:\/\/nerisson.com\/wp-content\/uploads\/2024\/03\/NERISSON_Entretien-Mobilier-Jardin-01-300x300-1.jpg\" alt=\"\" class=\"wp-image-79\" srcset=\"https:\/\/nerisson.com\/wp-content\/uploads\/2024\/03\/NERISSON_Entretien-Mobilier-Jardin-01-300x300-1.jpg 300w, https:\/\/nerisson.com\/wp-content\/uploads\/2024\/03\/NERISSON_Entretien-Mobilier-Jardin-01-300x300-1-150x150.jpg 150w\" sizes=\"auto, (max-width: 300px) 100vw, 300px\" \/><\/figure>\n\n\n\n<figure class=\"wp-block-image size-large is-style-rounded\"><img loading=\"lazy\" decoding=\"async\" width=\"300\" height=\"300\" data-id=\"80\" src=\"https:\/\/nerisson.com\/wp-content\/uploads\/2024\/03\/NERISSON_Entretien-tennis-300x300-1.jpg\" alt=\"\" class=\"wp-image-80\" srcset=\"https:\/\/nerisson.com\/wp-content\/uploads\/2024\/03\/NERISSON_Entretien-tennis-300x300-1.jpg 300w, https:\/\/nerisson.com\/wp-content\/uploads\/2024\/03\/NERISSON_Entretien-tennis-300x300-1-150x150.jpg 150w\" sizes=\"auto, (max-width: 300px) 100vw, 300px\" \/><\/figure>\n\n\n\n<figure class=\"wp-block-image size-large\"><img loading=\"lazy\" decoding=\"async\" width=\"300\" height=\"300\" data-id=\"82\" src=\"https:\/\/nerisson.com\/wp-content\/uploads\/2024\/03\/NERISSON_Entretien-Terrasse-Bois-Jardin-01-300x300-1.jpg\" alt=\"\" class=\"wp-image-82\" srcset=\"https:\/\/nerisson.com\/wp-content\/uploads\/2024\/03\/NERISSON_Entretien-Terrasse-Bois-Jardin-01-300x300-1.jpg 300w, https:\/\/nerisson.com\/wp-content\/uploads\/2024\/03\/NERISSON_Entretien-Terrasse-Bois-Jardin-01-300x300-1-150x150.jpg 150w\" sizes=\"auto, (max-width: 300px) 100vw, 300px\" \/><\/figure>\n\n\n\n<figure class=\"wp-block-image size-full\"><img loading=\"lazy\" decoding=\"async\" width=\"1024\" height=\"1024\" data-id=\"85\" src=\"https:\/\/nerisson.com\/wp-content\/uploads\/2024\/03\/NERISSON_Entretien-Terrasse-Calade-1024x1024-1.jpg\" alt=\"\" class=\"wp-image-85\" srcset=\"https:\/\/nerisson.com\/wp-content\/uploads\/2024\/03\/NERISSON_Entretien-Terrasse-Calade-1024x1024-1.jpg 1024w, https:\/\/nerisson.com\/wp-content\/uploads\/2024\/03\/NERISSON_Entretien-Terrasse-Calade-1024x1024-1-300x300.jpg 300w, https:\/\/nerisson.com\/wp-content\/uploads\/2024\/03\/NERISSON_Entretien-Terrasse-Calade-1024x1024-1-150x150.jpg 150w, https:\/\/nerisson.com\/wp-content\/uploads\/2024\/03\/NERISSON_Entretien-Terrasse-Calade-1024x1024-1-768x768.jpg 768w, https:\/\/nerisson.com\/wp-content\/uploads\/2024\/03\/NERISSON_Entretien-Terrasse-Calade-1024x1024-1-850x850.jpg 850w\" sizes=\"auto, (max-width: 1024px) 100vw, 1024px\" \/><\/figure>\n\n\n\n<figure class=\"wp-block-image size-full\"><img loading=\"lazy\" decoding=\"async\" width=\"1024\" height=\"1024\" data-id=\"84\" src=\"https:\/\/nerisson.com\/wp-content\/uploads\/2024\/03\/NERISSON_Entretien-Piscine-1024x1024-1.jpg\" alt=\"\" class=\"wp-image-84\" srcset=\"https:\/\/nerisson.com\/wp-content\/uploads\/2024\/03\/NERISSON_Entretien-Piscine-1024x1024-1.jpg 1024w, https:\/\/nerisson.com\/wp-content\/uploads\/2024\/03\/NERISSON_Entretien-Piscine-1024x1024-1-300x300.jpg 300w, https:\/\/nerisson.com\/wp-content\/uploads\/2024\/03\/NERISSON_Entretien-Piscine-1024x1024-1-150x150.jpg 150w, https:\/\/nerisson.com\/wp-content\/uploads\/2024\/03\/NERISSON_Entretien-Piscine-1024x1024-1-768x768.jpg 768w, https:\/\/nerisson.com\/wp-content\/uploads\/2024\/03\/NERISSON_Entretien-Piscine-1024x1024-1-850x850.jpg 850w\" sizes=\"auto, (max-width: 1024px) 100vw, 1024px\" \/><\/figure>\n<\/figure>\n","protected":false},"excerpt":{"rendered":"<p>Vous pouvez me d\u00e9l\u00e9guez les t\u00e2ches d\u2019entretien des ext\u00e9rieurs de la maison et du petit bricolage que vous ne voulez plus effectuer. Je suis \u00e0 vos cot\u00e9s pour faciliter votre quotidien.<\/p>\n","protected":false},"author":1,"featured_media":0,"parent":0,"menu_order":0,"comment_status":"closed","ping_status":"closed","template":"","meta":{"footnotes":""},"class_list":["post-78","page","type-page","status-publish","hentry"],"_links":{"self":[{"href":"https:\/\/nerisson.com\/index.php\/wp-json\/wp\/v2\/pages\/78","targetHints":{"allow":["GET"]}}],"collection":[{"href":"https:\/\/nerisson.com\/index.php\/wp-json\/wp\/v2\/pages"}],"about":[{"href":"https:\/\/nerisson.com\/index.php\/wp-json\/wp\/v2\/types\/page"}],"author":[{"embeddable":true,"href":"https:\/\/nerisson.com\/index.php\/wp-json\/wp\/v2\/users\/1"}],"replies":[{"embeddable":true,"href":"https:\/\/nerisson.com\/index.php\/wp-json\/wp\/v2\/comments?post=78"}],"version-history":[{"count":2,"href":"https:\/\/nerisson.com\/index.php\/wp-json\/wp\/v2\/pages\/78\/revisions"}],"predecessor-version":[{"id":101,"href":"https:\/\/nerisson.com\/index.php\/wp-json\/wp\/v2\/pages\/78\/revisions\/101"}],"wp:attachment":[{"href":"https:\/\/nerisson.com\/index.php\/wp-json\/wp\/v2\/media?parent=78"}],"curies":[{"name":"wp","href":"https:\/\/api.w.org\/{rel}","templated":true}]}}